tor of 4 and i.
4
Suppose -12*n - 2 = -13*n. Calculate the highest common divisor of 18 and n.
2
Let t = 8 + -11. Let z be (-7 + 10)*(-4)/t. What is the greatest common factor of 16 and z?
4
Let p be 91/21 - (-2)/3. Suppose -p*s + 2*k = -86, 0 = k + 3*k - 8. What is the greatest common divisor of s and 18?
18
Let g(n) = n + 17. Let k be g(-7). Calculate the greatest common factor of k and 20.
10
Let a(l) = -l**2 - 16*l + 11. Let v be a(-15). Let h(z) = z**2 - 2*z + 4. Let j be h(7). Calculate the highest common divisor of v and j.
13
Let j(m) = -m**3 + 2*m**2 + 2*m + 4. Let a be j(3). Suppose c + 2*t - 6*t = a, c + t - 21 = 0. Calculate the greatest common divisor of 119 and c.
17
Let z = 29 - 15. Suppose 6 = -j + 3, -2*j - 579 = -3*h. Suppose 3*q + f - 383 = 0, f + 60 = -q + h. Calculate the greatest common divisor of q and z.
14
Let o(f) = -f**2 + 6*f + 11. Let d be o(6). Calculate the greatest common factor of d and 22.
11
Let w(o) = 2*o**2 + 11*o + 5. Let l be w(-5). Suppose l = -10*g + 15*g - 135. Calculate the greatest common factor of g and 270.
27
Suppose 30 = -5*f + z + 4*z, 0 = -5*f - 3*z - 6. Let j be (-108)/f*(-2)/(-4). What is the greatest common divisor of j and 6?
6
Suppose 5*b - y - 30 = -2*y, 0 = -2*b + 2*y. Let f(n) = 2*n + 2. Let u be f(3). Suppose -188 + u = -4*v. Calculate the highest common factor of v and b.
5
Let q = 152 + -104. Calculate the greatest common factor of 3 and q.
3
Suppose -40 = -2*s + j - 5*j, -j = 2*s - 46. What is the greatest common factor of 6 and s?
6
Let i(m) = 10*m**2 + 1. Let w be i(1). Calculate the highest common factor of 22 and w.
11
Suppose h - 2*s - 4 = -s, 0 = 5*h - 2*s - 35. Suppose 0 = 4*v + h - 1. Let o be (-1)/(11/6 + v). What is the highest common divisor of o and 42?
6
Suppose 11*c + 24 = 15*c. What is the greatest common divisor of 18 and c?
6
Suppose -2*n + 74 = -24. What is the highest common factor of 7 and n?
7
Suppose -2*y = 3*s - 147, -2*y = s - 5*y - 49. Suppose 2*j + 9 = -25. Let i = j + 24. What is the greatest common factor of s and i?
7
Let t = 84 - 49. Suppose 3*n - n - 14 = 0. Calculate the greatest common factor of n and t.
7
Let j be (3 + (-10)/4)*4. Suppose 8 = s - x + j*x, -5*s = -2*x - 54. Calculate the highest common factor of s and 90.
10
Let v = 10 + 7. What is the highest common factor of v and 136?
17
Let z(d) = 4*d**3 - 3*d**2 + d - 2. Let o be z(2). Suppose 51 = 8*k - 29. Calculate the greatest common divisor of o and k.
10
Let i be 8/(-2) - -7 - 0. Suppose 0 = -i*m - 4 + 34. What is the greatest common factor of m and 80?
10
Suppose 5*v - 85 = -3*a, -5*v + 6 + 4 = 0. Calculate the highest common factor of 125 and a.
25
Let o be 38/(0 - (2 + -3)). What is the greatest common factor of 342 and o?
38
Suppose 4*r = 11 - 3. Suppose r*f = f + 56. Suppose 19 = 2*z + 3. Calculate the highest common divisor of z and f.
8
Suppose -4*m + 9 = -11. Suppose m*h = 22 + 13. Suppose -3*p - 2 = -23. Calculate the greatest common divisor of h and p.
7
Let u = 75 - 42. Suppose 132 = 3*b + u. Suppose 10 = 4*k - 78. What is the greatest common factor of k and b?
11
Let u(t) = -9*t - 2. Let a be u(-8). Calculate the greatest common factor of 14 and a.
14
Let o(t) = -t**2 + 5*t - 2. Let g be o(3). Suppose 3*a - 2 = z, -3*a + a + 5 = 3*z. Let q be g/6*z*6. Calculate the greatest common factor of 8 and q.
4
Suppose -2*y = 3*y + 3*q - 60, y - 2*q - 25 = 0. Let o(k) = k**3 + k**2 + k + 150. Let b be o(0). Calculate the highest common factor of b and y.
15
Let d = -68 + 87. Calculate the greatest common divisor of 76 and d.
19
Let z = -12 + 17. Suppose -z*n + 3*f - 5 = -3*n, -4*n - f = -25. Let g(b) = b - 4. Let r be g(5). Calculate the highest common divisor of r and n.
1
Let z = -6 - -8. Let r be -5*2*z/(-10). Let f be (-1*3 + r)*-6. What is the greatest common factor of f and 66?
6
Suppose -4*m + 1 + 15 = 0. Calculate the greatest common factor of 1 and m.
1
Suppose 2*t - 543 + 103 = 0. Suppose -5*n - 3*k = -t - 302, n = 3*k + 108. Let r = -32 + 47. What is the highest common factor of r and n?
15
Let y = -36 + 54. Suppose -y = -f + 15. Let t(g) = -g**2 + 10*g + 1. Let x be t(7). Calculate the highest common divisor of f and x.
11
Let a be (-4 + 1)/((-9)/426). Suppose 2*r = r + a. Suppose -5*q - 2*w + r = 0, 9 + 77 = 3*q + w. What is the greatest common factor of 20 and q?
10
Let t be 0 + 2 + (-1 - 0). Suppose -65 = -2*g + t. Suppose 0*b - 6 = -2*b. What is the greatest common factor of b and g?
3
Let o = 18 - 11. What is the greatest common factor of o and 56?
7
Let u = -1 + 3. Let a(z) = 0*z + 4*z**3 + 3*z**2 - 5 + u*z**2 - 7*z - 3*z**3. Let k be a(-5). Calculate the greatest common divisor of 6 and k.
6
Suppose 0 = -3*n - 2*n - 10. Let i be (8/(-6))/(n/6). Calculate the highest common factor of i and 32.
4
Suppose -x + 3 + 33 = 0. Calculate the highest common factor of x and 9.
9
Let f(x) = -x**3 - x**2 + 3*x + 4. Let t be f(-3). Let g = -9 + 22. What is the greatest common divisor of g and t?
13
Suppose -7*l + 84 = -56. Calculate the greatest common factor of l and 10.
10
Let g be 1*(7 + -1)/2. Calculate the greatest common factor of 21 and g.
3
Let x(f) = f**3 - 10*f**2 + 9*f - 8. Let w be x(8). Let n = 92 + w. What is the highest common divisor of n and 42?
14
Let v(g) = 4*g - 12. Let p be v(9). Let m(h) = 11*h**2 + h. Let b(o) = -o + 4. Let l be b(3). Let r be m(l). What is the greatest common factor of p and r?
12
Let y = 5 - 4. Suppose s = -5*h - y, s - h - 31 = -s. Calculate the greatest common factor of s and 42.
14
Let t be ((-32)/(-10))/(2/5). Calculate the greatest common divisor of t and 16.
8
Let j be 139/2 + (-2)/4. Let l = -132 + 155. What is the greatest common factor of j and l?
23
Suppose 0 = -4*d + 20 + 32. Let q(w) = -10 + 9*w + 6*w**2 + 5*w**2 + w**3 + 20. Let u be q(-7). Calculate the greatest common divisor of d and u.
13
Suppose 30 = 3*b - 0*b. Let t be 6/2 - 749/(-7). Calculate the highest common factor of b and t.
10
Suppose 13*u = 33 + 6. What is the highest common factor of u and 15?
3
Let j be (-11 - -10)/(2/(-628)). Let t be 15/10 + j/4. Calculate the greatest common factor of 20 and t.
20
Let r = -6 + 8. Let w(p) = p**3 + 2*p**2 - p + 2. Let m be w(r). What is the highest common divisor of 112 and m?
16
Suppose -i + 20 = -4. Calculate the greatest common divisor of i and 120.
24
Suppose t - 13 = -4*p + 4, 2*p + 4*t - 12 = 0. Suppose 4*m - 17 = -r, 3*r + 4*m + 13 = 40. Let i = r - p. Calculate the greatest common factor of 8 and i.
1
Let l = -35 - -41. What is the highest common divisor of 18 and l?
6
Let y = -96 - -103. Suppose 2*x + 14 = 3*x. Calculate the highest common divisor of y and x.
7
Let t be 1/(1/(-1)) + 0. Let c(w) = 87*w**3 + w - 1 - 296*w**3 - 2*w. Let g be c(t). What is the greatest common factor of g and 19?
19
Suppose 0 = -3*f - p + 44, 62 = 4*f + 5*p - 3*p. What is the greatest common divisor of 143 and f?
13
Suppose -d + 3*d - 144 = 0. Let y be 8/(-3)*d/(-32). Let p(c) = 2*c**3 - c**2 + 2*c - 1. Let w be p(2). What is the highest common divisor of y and w?
3
Suppose 0 = -5*w - 5*m + 1095, -1 = 4*m + 3. Calculate the highest common divisor of w and 22.
22
Let v(l) = -6*l - 8. Let d be v(-8). Suppose 0 = y - n + 5, 7*n = -3*y + 2*n + 25. Suppose y = t - 4 - 4. Calculate the greatest common factor of t and d.
8
Suppose 0 = -4*f + 6*f - 66. What is the greatest common divisor of 11 and f?
11
Let o be 30/(-4)*12/(-5). Let q(y) = 7*y**2 - 6*y + 2. Let k be q(4). Calculate the greatest common divisor of k and o.
18
Let t(w) = -w**3 - 7*w**2 - w - 5. Let r(d) = 7*d. Let c be r(-1). Let m be t(c). Let v be 415/25 - (-3)/(-5). What is the greatest common divisor of m and v?
2
Let b be 4 + 27 + 3 + 1. What is the highest common divisor of 5 and b?
5
Suppose -s + 4*k + 3 = -69, 116 = 2*s - k. Suppose -3*h + s = -217. Calculate the greatest common divisor of h and 13.
13
Suppose -2*x = -3*x - 3*o + 5, -4*x + 20 = 5*o. Suppose -3*b + 146 = -10. Suppose s + b = x*s. Calculate the highest common factor of 13 and s.
13
Suppose 2*a + 3 + 2 = -x, -9 = x + 4*a. Let d = x - -6. Calculate the greatest common factor of 10 and d.
5
Let a = 14 + -7. Suppose 4 = -x + 3*j, j + a = -x + 5*j. What is the greatest common divisor of 1 and x?
1
Let z = -5 + 